0*q + 3*q + h + 3*q**2 - q**2. Let y(j) = -j**3 - 31*j**2 - 34*j - 122. Let a be y(-30). Determine f(a).
4
Let j(t) = 4*t**2 + 2*t + 1. Let c(v) = -v**2 + v - 1. Let k(p) = -5*c(p) - j(p). Determine k(7).
4
Let d(i) = -i**3 - 4*i**2 + 7*i - 5*i + 4*i - 3. Let c be 2 + (4 - 2/2). Let b(x) = -x**3 + 6*x**2 - 5*x - 5. Let n be b(c). Determine d(n).
-8
Let j(c) = -2*c**2 + 3. Let z(n) = -n + 2*n + 3*n**2 - 2 - 2. Let i(y) = -5*j(y) - 4*z(y). Give i(-4).
-15
Let b be (-6)/(2/(-1)) - 2. Let d(c) be the first derivative of -13*c**2 + c + 191. Calculate d(b).
-25
Let l(y) be the third derivative of -y**6/120 - y**5/30 + y**4/6 + 7*y**3/6 - 13*y**2 + 3*y. What is l(-3)?
4
Let n(f) = 8*f + 7. Suppose -4*s - 2*t = 26, 4*s - t + 9 = -20. Determine n(s).
-49
Let a be (-20)/(20/(-21)) - 0. Let l(q) = -q**2 + 19*q + 36. Determine l(a).
-6
Let q be (-1)/2*-2 + (49 - 0). Suppose -4*b - 25 = -4*k + 3*k, 5*b - 5*k = -q. Let j(d) = 2 - 1 - 1 - 3 + d. Calculate j(b).
-8
Let h(s) be the third derivative of -s**5/60 + 13*s**3/6 - 38*s**2 - 4. What is h(4)?
-3
Let q be ((-9)/(36/8))/((-3)/1212). Let f(v) = 809 + 2*v - q - 3*v**2 - 2*v. What is f(-1)?
-2
Let m = 83 - 133. Let x = m - -57. Let s(u) = u - 4. Give s(x).
3
Let r = 97 - 64. Let u(n) = r + n - 14 - 20 - n**2. Determine u(0).
-1
Let q(u) = 15*u**3 - u**2 + 3*u - 3. Let h be q(2). Suppose -5*z + 31 = -h. Let w be ((-2)/(-3))/((-4)/z). Let i(c) = -c**3 - 6*c**2 - 5*c + 4. What is i(w)?
4
Let u(s) = s - 3. Let a be u(6). Suppose -p - 3*p = 4, -69 = 3*f - a*p. Let z be f/6 - (0 + -3). Let i(v) = 4*v**3 - v**2 - 2*v - 1. Determine i(z).
-4
Let w(y) be the first derivative of -y**3/3 + y**2/2 + 9*y - 64. Determine w(7).
-33
Let c(w) = 20*w**3 - 4*w**3 + 0*w - w - w**2 - 2*w**3 - 8*w**3 + 1. Give c(1).
5
Let z(x) = -5*x**3 + x**2 + 4*x - 5. Let i(h) = -26*h**3 + 4*h**2 + 20*h - 26. Let l(d) = -2*i(d) + 11*z(d). Let t be l(2). Let y(m) = m + 3. Calculate y(t).
-4
Let u = 86 - 81. Let t(o) = -u*o - 12*o + 20*o - 6 - 6*o. Determine t(-4).
6
Let m be (-10 + 6)*-1 - 3. Let c(p) = -4*p**3 - p**2 + 2*p - 1. Determine c(m).
-4
Let k(s) = -2*s + 1 + 11*s**2 - 7*s**2 + 0*s**2 - 2*s**2 - 4. Determine k(3).
9
Let k(m) = m + 12. Let y = 152 + -164. What is k(y)?
0
Let l = -80 + 79. Let q(v) = 8*v**2 + v. Determine q(l).
7
Suppose -6*y - 4 = 2*v - y, y - 40 = 3*v. Suppose 0 + 4 = 3*p + z, 5*p = -z + 10. Let d be (-6)/v*0/p. Let w(m) = -m**2 + m - 10. Calculate w(d).
-10
Let h(n) be the first derivative of 2 - 3*n + 1/2*n**2. What is h(8)?
5
Let p(x) be the first derivative of -x**3/6 + 3*x**2/2 - 5*x - 3. Let v(i) be the first derivative of p(i). Suppose -12 = -5*y - 2. What is v(y)?
1
Let x(o) = -3*o + 4*o + 17 - 13 - 8 - 9. Determine x(0).
-13
Suppose -2*a + 58*w - 1 = 55*w, -3*w - 55 = 5*a. Let j(u) = -u**2 - 9*u - 10. Calculate j(a).
-2
Let t(v) be the third derivative of -v**4/24 - v**3/3 + 19*v**2. Let w be t(2). Let n(u) = 5*u + 2. Determine n(w).
-18
Let a(x) = -x**3 + 2*x**2 - x + 2. Let w(p) = -p**3 + 3*p**2 - 7*p + 12. Let h be w(2). Determine a(h).
0
Let r(a) = a - 2. Let q be r(-2). Let d(k) = -9 - k**2 + 5 + 5*k + 4*k**2 + 7 - 2*k**2. Calculate d(q).
-1
Let h = 556 + -563. Let j(g) = -2*g - 12. Determine j(h).
2
Suppose 12*a + 3*a = 30. Let n(g) = g. Let y(o) = 12*o - 1. Let u(k) = -22*n(k) + 2*y(k). Give u(a).
2
Let w(i) = -2*i**2 - 17*i + 34. Let g be w(2). Let j(h) = -h + 3. Give j(g).
11
Let r(y) = -7*y - 2. Suppose 512*f - 8 = 520*f. Determine r(f).
5
Suppose -2*o = -0*o. Let s(k) = -3*k + 44. Let n be s(14). Let r(c) = 0*c**2 - 142 + 154 + c**n - c**3 - c. Determine r(o).
12
Let v(l) = -3*l**3 - 4*l**2 - 23*l + 5. Let m(a) = -4*a**3 - 4*a**2 - 28*a + 5. Let y(c) = 4*m(c) - 5*v(c). Calculate y(4).
7
Let y = -3 + 2. Let m(r) = -r + 10*r**2 + r - r - 16*r**2. What is m(y)?
-5
Let s(b) = -3*b**2 + 24*b - 40. Let z be s(5). Let q(u) be the first derivative of u**3/3 - 2*u**2 - 2*u - 1. What is q(z)?
3
Let f(k) be the first derivative of k**3/3 + k**2/2 + 3*k - 61. Let q be 2*3*10/12. Let d be (-10)/q + (-1 - 0). Determine f(d).
9
Let y(q) = -q**3 + 18*q**2 - 2*q + 22. Suppose -2 = 6*v - 110. Calculate y(v).
-14
Suppose 3*t + 163 = 193. Let c(p) = -p**2 + 10*p - 4. What is c(t)?
-4
Let a(c) be the second derivative of c**3/6 + c**2/2 + 19*c. Let x(j) = -3*j + 3. Suppose b - 5*w - 3 = 3, -b - 10 = 3*w. Let s(o) = b*a(o) - x(o). Give s(0).
-7
Let d(j) = -4*j - 3. Let i be d(-2). Let b(r) be the third derivative of -2*r**2 + 0 + 2/3*r**3 + 1/60*r**i + 0*r - 1/8*r**4. Determine b(4).
8
Suppose 4*f = 2*w - 0*f + 4, w + f - 4 = 0. Let k(o) = 1 - 3*o + 5*o - o**w + 1 - 3. Calculate k(-3).
-16
Let a = -1 + 3. Suppose -2*o + 8 = -a*t, o - 3*t = -t + 6. Let n(z) = -8*z**2 - 6*z + 1. Let f(v) = 7*v**2 + 5*v - 1. Let u(h) = -5*f(h) - 4*n(h). What is u(o)?
-13
Let x(i) = 5*i + 13. Let u(a) be the third derivative of -a**3/3 - 40*a**2. Let s(t) = -6*u(t) - x(t). Give s(1).
-6
Let r(l) = -3 + 5*l**2 + 211*l - 433*l - 4*l**2 + 217*l. What is r(7)?
11
Let o(k) = k**3 + 12*k**2 - 14*k - 13. Let q be o(-13). Suppose m - 3*m + 6 = q. Let d(j) be the third derivative of j**4/24 + j**2. Determine d(m).
3
Let t = 35 + -33. Let m(r) = -8*r - 3*r + 0*r + t*r. Calculate m(-1).
9
Suppose 55 = o + 4*o. Let s(d) = o - 7 + d + 13. Let k(h) = h**3 - 8*h**2 - 8*h - 9. Let z be k(9). Determine s(z).
17
Let i(a) be the second derivative of -1/6*a**4 + 0 - 3/2*a**2 + 7/6*a**3 - 6*a. Let f be 4 - (0 + (-1)/1). Give i(f).
-18
Let f(v) = 2*v - 2. Let r(z) = z**3 + 32*z**2 - 31*z + 69. Let c be r(-33). Determine f(c).
4
Let a = 81 - 114. Let l be 3*(3 + a/9)/2. Let i(v) = v + 1. Calculate i(l).
0
Let r(i) be the third derivative of 7/24*i**4 + 0*i**3 - i**2 + 0 + 1/12*i**5 + 0*i - 1/120*i**6. Calculate r(6).
6
Let m be (-238)/18 + (-6)/(-27). Let c = m - -17. Let p(y) be the second derivative of y**4/12 - 5*y**3/6 + y**2/2 - 9*y. Give p(c).
-3
Let b(m) be the second derivative of -2*m**3/3 - 7*m**2/2 + 20*m. Suppose -4*d - 65 + 205 = 5*i, 4*d + 3*i - 132 = 0. Suppose a + d = -4*a. What is b(a)?
17
Let y(s) = 5*s**3 + 10*s**2 - 4*s. Let m(b) = 4*b**3 + 9*b**2 - 2*b + 1. Let l(o) = 4*m(o) - 3*y(o). Determine l(-5).
9
Let g(d) = -d**3 + 5*d**2 - 4*d - 2. Let r be g(2). Let n(x) be the first derivative of 2*x**2 + x - 1. Determine n(r).
9
Let l be 8/2 + -4 - 0. Suppose l = -4*p + 2*i + i + 16, 3*p + 4*i + 13 = 0. Let z(x) = 5*x - p - 2*x + 0*x. Give z(-1).
-4
Let x(u) be the first derivative of -u**4/4 + 4*u**3/3 - u**2 - u + 14. Give x(3).
2
Let i(x) be the first derivative of 3*x**2 - 4*x - 134. Calculate i(6).
32
Let z(h) = 13*h**3. Let v(f) = -4*f**3 + 2*f**2 - f. Let x be v(1). Let u = x + 5. Suppose 0 = -3*a - u*a + 5. Determine z(a).
13
Let j = -15 + 11. Let d be (j - -4)*(-3)/(-6). Let f(w) = w**3 - w**2 + w - 12. Give f(d).
-12
Let a(w) = -4*w**2 + 3*w - 40. Let h = 52 - 45. Let s(z) = -3*z**2 + 2*z - 27. Let c(x) = h*s(x) - 5*a(x). Calculate c(0).
11
Let z(m) = -m + 2. Let l(y) = -9*y + 12. Let t(s) = 2*l(s) - 15*z(s). Calculate t(6).
-24
Let g = -428 - -431. Let v(q) be the second derivative of 1/20*q**5 + 0 - 4/3*q**g + 1/2*q**2 + 2*q - 5/12*q**4. Calculate v(6).
-11
Let q(o) = -3*o**3 - 14*o**2 + 9*o - 10. Let i(x) = 2*x**3 + 13*x**2 - 9*x + 9. Let a(s) = 4*i(s) + 3*q(s). Calculate a(9).
6
Let v(r) be the third derivative of r**5/60 + 5*r**4/24 + r**3/6 - r**2 - 12. Give v(-2).
-5
Let x(p) = 4*p + 2. Suppose -459 = 39*t + 12*t. What is x(t)?
-34
Let q(r) = -r**2 - 3 - 3*r - r - 3*r**2 + r**3. Suppose -11*p = -8*p - 6. Suppose -5*y + 35 = -0*t + p*t, t - 3*y + 10 = 0. Determine q(t).
2
Let d(a) = 13*a**2 - 7*a - 3. Let i(g) = -5*g**2 + 3*g - 3*g**2 + 1 + g**2. Let q(f) = 6*d(f) + 11*i(f). Calculate q(9).
-7
Let s(r) = r - 3. Suppose 3*y - 5*z + 46 = 0, -y = -4*y - 5*z - 26. Calculate s(y).
-15
Let w(c) = 2*c**2 + 4*c + 4. Suppose 3*i + 11 = -z, 3*z - 19 = -0*z + 4*i. Let f be 2/2 + (z - 5). Determine w(f).
10
Let v = -119 + 164. Let g(h) = 18*h**2 - v*h**2 + 18*h**2 + 9 + h**3 + 7*h. Determine g(8).
1
Suppose 0 = -5*u - 10 - 0, 3*u - 8 = y. Let r be (-3)/(-6)*(y - -6). Let w(x) = x - 2. What is w(r)?
-6
Let v = -2739 - -2716. Let b(f) = -6*f + 8. Let r be b(6). Let y = v - r. Let t(q) = -q + 3. Give t(y).
-2
Let p(g) = -g + 24. Let w = 210 